- -752?
748
In base 5, what is -1041312 + 1?
-1041311
In base 3, what is -20122122 + 0?
-20122122
In base 16, what is 4 - -1?
5
In base 10, what is -13 - -13?
0
In base 11, what is -2 + -144?
-146
In base 13, what is 6 - -a9?
b2
In base 16, what is -2 + 37?
35
In base 7, what is -5 - -2354?
2346
In base 12, what is a3 - 0?
a3
In base 10, what is -3 - -91?
88
In base 14, what is -a31 + 2?
-a2d
In base 10, what is 4 + 665?
669
In base 8, what is 104 + 42?
146
In base 5, what is -20421 + 0?
-20421
In base 12, what is 6 - 14?
-a
In base 15, what is -101 + -5?
-106
In base 12, what is 888 - 1?
887
In base 10, what is -2 - 201?
-203
In base 7, what is 5612 - -2?
5614
In base 2, what is -10000 + -10?
-10010
In base 16, what is 76 - -1?
77
In base 12, what is 1 - b00?
-abb
In base 10, what is 4 - -3282?
3286
In base 4, what is 120 - 131?
-11
In base 16, what is -14 + 1?
-13
In base 11, what is -8 + 2a?
22
In base 9, what is -124 - -4?
-120
In base 5, what is -11 - -311?
300
In base 2, what is -100100 - 10?
-100110
In base 13, what is bc - 5?
b7
In base 9, what is -68 - -151?
72
In base 8, what is 63 + -11?
52
In base 16, what is -758 + -4?
-75c
In base 2, what is 100011 + -1?
100010
In base 8, what is -31505 + 2?
-31503
In base 4, what is 321 + -11?
310
In base 4, what is -10 + -100033?
-100103
In base 3, what is 11021 - 10?
11011
In base 2, what is 0 - -100000110010?
100000110010
In base 10, what is 252 + -33?
219
In base 11, what is 37 - -a?
46
In base 5, what is 1132 + -12?
1120
In base 9, what is 31426 + 2?
31428
In base 5, what is -10 - -24?
14
In base 15, what is 2 - -d?
10
In base 9, what is 12241 - -2?
12243
In base 6, what is -10 + 10?
0
In base 7, what is -1260 - 5?
-1265
In base 4, what is 212103 + 30?
212133
In base 8, what is -25503 + -4?
-25507
In base 2, what is 111100 - -11?
111111
In base 3, what is -12 + -20110?
-20122
In base 5, what is 2 - 1444?
-1442
In base 13, what is -2 - -376b?
3769
In base 12, what is -5 - -53?
4a
In base 9, what is 24 - 378?
-354
In base 6, what is -1 - -2111?
2110
In base 10, what is -1 + 3847?
3846
In base 16, what is -90d + -e?
-91b
In base 5, what is 214210 - -4?
214214
In base 13, what is -1 + -102?
-103
In base 14, what is 171 + -5?
16a
In base 12, what is 5 - 653?
-64a
In base 10, what is 4 - 83?
-79
In base 4, what is 3 - 30?
-21
In base 6, what is -1014 + -3?
-1021
In base 16, what is -5 + -42?
-47
In base 13, what is 27 + -5?
22
In base 11, what is 10 + -352?
-342
In base 3, what is 1110 - 12?
1021
In base 6, what is 0 - -4400?
4400
In base 7, what is -3 - -430?
424
In base 5, what is 20 - 112?
-42
In base 5, what is 3 - 102414?
-102411
In base 2, what is 0 - -10001011111?
10001011111
In base 5, what is 13000 + 1?
13001
In base 11, what is -12143 - 4?
-12147
In base 11, what is -2 + 22?
20
In base 14, what is 5 - 36?
-31
In base 7, what is -11 + -535?
-546
In base 13, what is -3c - -39?
-3
In base 8, what is -5 - -124?
117
In base 6, what is 11 + -1010?
-555
In base 14, what is 1 + -15b?
-15a
In base 12, what is -41 - -24?
-19
In base 2, what is -1 + -1111?
-10000
In base 5, what is 10 - 1422?
-1412
In base 9, what is -4481 - -1?
-4480
In base 11, what is -5 - 26?
-30
In base 7, what is 5 + -2346?
-2341
In base 14, what is -d + 123?
114
In base 3, what is 11020010 + 1?
11020011
In base 10, what is -3 - 73?
-76
In base 5, what is 312 - 4?
303
In base 5, what is 1434 - 0?
1434
In base 7, what is -33 + -26?
-62
In base 6, what is -2 + -1204?
-1210
In base 7, what is -33 - -14?
-16
In base 15, what is -258 + 28?
-230
In base 7, what is 2236 - 3?
2233
In base 4, what is 1031 - 2?
1023
In base 6, what is -5 - -335?
330
In base 7, what is -2 + -266?
-301
In base 12, what is b - -b9?
108
In base 6, what is -2254 + 0?
-2254
In base 11, what is -40 - -1?
-3a
In base 9, what is 3 + -146?
-143
In base 8, what is -3 + 2524?
2521
In base 15, what is -11 + -4?
-15
In base 15, what is -ad9 - c?
-ae6
In base 3, what is 11220 + 11?
12001
In base 10, what is -13 - -19?
6
In base 9, what is -3065 + 2?
-3063
In base 7, what is 544 + 3?
550
In base 14, what is 4 - -6a?
70
In base 14, what is a - 654?
-648
In base 3, what is 11021 + 11?
11102
In base 7, what is 13462 - 5?
13454
In base 14, what is -51 + 2?
-4d
In base 14, what is 9 - -6?
11
In base 3, what is -2202 - 10?
-2212
In base 13, what is 4 - c32?
-c2b
In base 9, what is 1 + 154?
155
In base 3, what is -1012 - -2?
-1010
In base 9, what is -5648 + 4?
-5644
In base 7, what is 1013 - 2?
1011
In base 14, what is -c + 7?
-5
In base 16, what is -3 - 1b?
-1e
In base 7, what is 1 + 143?
144
In base 7, what is 20 - 1026?
-1006
In base 10, what is -2 + -120?
-122
In base 12, what is -1b + 2a7?
288
In base 2, what is -1000010 - -11?
-111111
In base 14, what is 3 - -3d?
42
In base 14, what is -2 + 2c3?
2c1
In base 3, what is -11010122 - -1?
-11010121
In base 14, what is -5 + 316?
311
In base 12, what is -141 - -6?
-137
In base 11, what is 615 - 4?
611
In base 4, what is 303 - -2?
311
In base 11, what is -3 - 46?
-49
In base 6, what is -40 - -1225?
1145
In base 11, what is -519 + 3?
-516
In base 11, what is 1 + 1192?
1193
In base 16, what is 1 + 2e?
2f
In base 9, what is 3205 - -3?
3208
In base 10, what is 1178 - 7?
1171
In base 11, what is 4 - -3?
7
In base 3, what is -21221 + 21?
-21200
In base 6, what is -30 - 200?
-230
In base 7, what is 6 - 33?
-24
In base 3, what is -10 - -21?
11
In base 11, what is -5 - 808?
-812
In base 3, what is 1012 + -12120?
-11101
In base 8, what is 50 - -5?
55
In base 2, what is -111110 + 1?
-111101
In base 14, what is -6c + -17?
-85
In base 3, what is -12 - -1220?
1201
In base 6, what is -1552 + 3?
-1545
In base 2, what is -11001 - -1110011010?
1110000001
In base 5, what is -3 - -342?
334
In base 11, what is -8 + 1a9?
1a1
In base 12, what is 3 - 72?
-6b
In base 9, what is -1 + 851?
850
In base 14, what is -a71 - 6?
-a77
In base 7, what is -10510 + 1?
-10506
In base 16, what is 3 + -309?
-306
In base 7, what is -341 + -113?
-454
In base 12, what is 209 - 5?
204
In base 3, what is 10000101 - -1?
10000102
In base 16, what is -9 + -112?
-11b
In base 6, what is -11 - -202?
151
In base 5, what is -10 - 201043?
-201103
In base 16, what is -61 - 1?
-62
In base 15, what is 1c - 1?
1b
In base 15, what is ee - 5?
e9
In base 2, what is 11001100010 - -1?
11001100011
In base 16, what is 179 + -5?
174
In base 9, what is 1457 + -2?
1455
In base 3, what is -1 - 1001?
-1002
In base 6, what is -43 + 0?
-43
In base 8, what is 3 + -731?
-726
In base 3, what is 201 - -2200?
10101
In base 7, what is 1214 + 5?
1222
In base 10, what is -47 - 0?
-47
In base 5, what is -201 - -102?
-44
In base 3, what is 0 + 11101021?
11101021
In base 10, what is -2 + 214?
212
In base 10, what is 3 + -1343?
-1340
In base 4, what is 20 + -200?
-120
In base 9, what is 8 - 772?
-763
In base 11, what is a45 + 8?
a52
In base 12, what is 14 + -1a?
-6
In base 11, what is -5 - -32a?
325
In base 2, what is -10 - 100010101?
-100010111
In base 9, what is 2 - -1?
3
In base 14, what is 5 - -48?
4d
In base 10, what is 1 - -880?
881
In base 6, what is -10 + -110?
-120
In base 3, what is 100 + -1020?
-220
In base 11, what is -223 + -6?
-229
In base 15, what is c - -35?
42
In base 12, what is -1 + -2548?
-2549
In base 7, what is 4 - -21?
25
In base 2, what is -1011010 - -1001?
-1010001
In base 8, what is 4725 - -4?
4731
In base 8, what is 672 + 5?
677
In base 10, what is -6 + -361?
-367
In base 9, what is -16 + 3?
-13
In base 3, what is 12 - -12200?
12212
In base 9, what is 0 - 14?
-14
In base 2, what is -1000110111 + -10101?
-1001001100
In base 5, what is 2 + -3211?
-3204
In base 15, what is 346 + 7?
34d
In base 6, what is 10 + -11401?
-11351
In base 13, what is -105 - -1?
-104
In base 6, what is 1144 - -4?
1152
In base 9, what is 24 - 20?
4
In base 2, what is 10011110 - -101?
10100011
In base 13, what is 0 - 61?
-61
In base 13, what is 3 - -1a2c?
1a32
In base 13, what is -12 - 197?
-1a9
In base 15, what is -5 - -96?
91
In base 8, what is 4 - 465?
-461
In base 13, what is -9 + -43?
-4c
In base 3, what is 1022021 + -1?
1022020
In base 4, what is 1113 - -10?
1123
In base 8, what is 2 + -5?
-3
In base 10, what is -38 - 20?
-58
In base 5, what is -301 + -2?
-303
In base 9, what is -3 + -4687?
-4701
In 